ed by 101.
39
What is the remainder when 4911 is divided by 1231?
1218
What is the remainder when 28528 is divided by 194?
10
What is the remainder when 3530 is divided by 69?
11
Calculate the remainder when 13870 is divided by 13866.
4
Calculate the remainder when 11119 is divided by 179.
21
What is the remainder when 170 is divided by 54?
8
What is the remainder when 28513 is divided by 5701?
8
Calculate the remainder when 303892 is divided by 26.
4
What is the remainder when 27023 is divided by 91?
87
What is the remainder when 18683 is divided by 812?
7
Calculate the remainder when 203832 is divided by 138.
6
What is the remainder when 144 is divided by 70?
4
What is the remainder when 672 is divided by 303?
66
Calculate the remainder when 4125 is divided by 325.
225
What is the remainder when 8213 is divided by 391?
2
Calculate the remainder when 232 is divided by 26.
24
Calculate the remainder when 59420 is divided by 71.
64
Calculate the remainder when 4847 is divided by 141.
53
Calculate the remainder when 7779 is divided by 44.
35
Calculate the remainder when 11185 is divided by 430.
5
Calculate the remainder when 445564 is divided by 19.
14
Calculate the remainder when 7239 is divided by 51.
48
Calculate the remainder when 13096 is divided by 1858.
90
Calculate the remainder when 27611 is divided by 13740.
131
Calculate the remainder when 16185 is divided by 598.
39
Calculate the remainder when 603115 is divided by 16.
11
Calculate the remainder when 17528 is divided by 17510.
18
Calculate the remainder when 15698 is divided by 123.
77
Calculate the remainder when 113399 is divided by 90.
89
Calculate the remainder when 7395 is divided by 254.
29
Calculate the remainder when 56849 is divided by 661.
3
Calculate the remainder when 44455 is divided by 193.
65
Calculate the remainder when 1367 is divided by 220.
47
What is the remainder when 343813 is divided by 44?
41
What is the remainder when 12739 is divided by 27?
22
Calculate the remainder when 156 is divided by 142.
14
Calculate the remainder when 4334 is divided by 611.
57
Calculate the remainder when 98790 is divided by 29.
16
What is the remainder when 129858 is divided by 71?
70
What is the remainder when 34926 is divided by 537?
21
What is the remainder when 1257 is divided by 469?
319
Calculate the remainder when 73675 is divided by 12277.
13
What is the remainder when 77105 is divided by 252?
245
Calculate the remainder when 857 is divided by 167.
22
Calculate the remainder when 276907 is divided by 6293.
15
Calculate the remainder when 36706 is divided by 161.
159
Calculate the remainder when 8349 is divided by 36.
33
Calculate the remainder when 408657 is divided by 58376.
25
Calculate the remainder when 1008 is divided by 201.
3
Calculate the remainder when 3869 is divided by 13.
8
Calculate the remainder when 84003 is divided by 16795.
28
What is the remainder when 2047220 is divided by 179?
176
Calculate the remainder when 583737 is divided by 1003.
994
What is the remainder when 27057 is divided by 404?
393
What is the remainder when 25036 is divided by 385?
11
Calculate the remainder when 47843 is divided by 443.
442
Calculate the remainder when 203158 is divided by 33859.
4
Calculate the remainder when 1634 is divided by 54.
14
What is the remainder when 5368 is divided by 807?
526
What is the remainder when 290097 is divided by 145036?
25
What is the remainder when 29170 is divided by 179?
172
Calculate the remainder when 32828 is divided by 2505.
263
What is the remainder when 116070 is divided by 219?
0
What is the remainder when 155785 is divided by 71?
11
What is the remainder when 344743 is divided by 815?
813
Calculate the remainder when 679723 is divided by 285.
283
Calculate the remainder when 10494 is divided by 1698.
306
Calculate the remainder when 154542 is divided by 4415.
17
What is the remainder when 30355 is divided by 52?
39
Calculate the remainder when 145646 is divided by 2697.
8
Calculate the remainder when 1914 is divided by 20.
14
Calculate the remainder when 132939 is divided by 47.
23
Calculate the remainder when 131406 is divided by 32850.
6
Calculate the remainder when 339246 is divided by 23.
19
Calculate the remainder when 4539 is divided by 35.
24
What is the remainder when 4187 is divided by 167?
12
Calculate the remainder when 2451 is divided by 97.
26
Calculate the remainder when 7189323 is divided by 13.
11
What is the remainder when 93117 is divided by 854?
31
Calculate the remainder when 58670 is divided by 230.
20
What is the remainder when 21692 is divided by 47?
25
What is the remainder when 8644 is divided by 785?
9
Calculate the remainder when 3975 is divided by 1319.
18
What is the remainder when 12746 is divided by 115?
96
Calculate the remainder when 33206 is divided by 231.
173
What is the remainder when 1494 is divided by 351?
90
Calculate the remainder when 819 is divided by 338.
143
Calculate the remainder when 8045 is divided by 149.
148
What is the remainder when 181968 is divided by 294?
276
What is the remainder when 35874 is divided by 1329?
1320
Calculate the remainder when 4241 is divided by 144.
65
Calculate the remainder when 9415 is divided by 2330.
95
What is the remainder when 556 is divided by 186?
184
Calculate the remainder when 3640 is divided by 57.
49
What is the remainder when 12219 is divided by 121?
119
Calculate the remainder when 138221 is divided by 652.
649
Calculate the remainder when 1663 is divided by 535.
58
What is the remainder when 99485 is divided by 8290?
5
What is the remainder when 4748 is divided by 603?
527
Calculate the remainder when 7954 is divided by 3968.
18
What is the remainder when 82977 is divided by 12?
9
What is the remainder when 903 is divided by 522?
381
What is the remainder when 237 is divided by 233?
4
Calculate the remainder when 12838398 is divided by 9.
6
Calculate the remainder when 10955 is divided by 147.
77
What is the remainder when 2718 is divided by 399?
324
What is the remainder when 1083363 is divided by 139?
136
Calculate the remainder when 18284 is divided by 268.
60
Calculate the remainder when 6840 is divided by 197.
142
What is the remainder when 74916 is divided by 221?
218
Calculate the remainder when 48404 is divided by 22.
4
What is the remainder when 53726 is divided by 26861?
4
Calculate the remainder when 19813008 is divided by 266.
264
Calculate the remainder when 318622 is divided by 1967.
1935
What is the remainder when 4178 is divided by 280?
258
What is the remainder when 277991 is divided by 92661?
8
What is the remainder when 61130 is divided by 123?
122
What is the remainder when 17838 is divided by 235?
213
What is the remainder when 23873 is divided by 1326?
5
What is the remainder when 22756 is divided by 50?
6
Calculate the remainder when 3577 is divided by 601.
572
What is the remainder when 7943 is divided by 190?
153
What is the remainder when 1025 is divided by 155?
95
Calculate the remainder when 2788 is divided by 391.
51
Calculate the remainder when 143064 is divided by 1052.
1044
What is the remainder when 18331 is divided by 97?
95
Calculate the remainder when 17372 is divided by 5503.
863
What is the remainder when 142887 is divided by 188?
7
Calculate the remainder when 636500 is divided by 576.
20
What is the remainder when 2125742 is divided by 21?
17
Calculate the remainder when 1118 is divided by 103.
88
Calculate the remainder when 178057 is divided by 59351.
4
What is the remainder when 1882 is divided by 171?
1
What is the remainder when 46281 is divided by 57?
54
Calculate the remainder when 25380 is divided by 203.
5
What is the remainder when 26660274 is divided by 148?
146
What is the remainder when 26470 is divided by 413?
38
What is the remainder when 449801 is divided by 37481?
29
What is the remainder when 54033 is divided by 17320?
2073
Calculate the remainder when 122112 is divided by 28.
4
Calculate the remainder when 129993 is divided by 64984.
25
Calculate the remainder when 6460 is divided by 1109.
915
What is the remainder when 100035 is divided by 4761?
54
What is the remainder when 1330 is divided by 220?
10
Calculate the remainder when 1758907 is divided by 586296.
19
Calculate the remain